?
True
Is 6 a factor of 6741745?
False
Is 12 a factor of 487180536?
True
Does 31 divide 59141459?
True
Does 199 divide 726187394?
False
Does 209 divide 35607539?
True
Is 21 a factor of 66697350?
False
Does 171 divide 11303662?
False
Is 328 a factor of 29949608?
False
Is 42 a factor of 90943804?
False
Is 11 a factor of 53308877?
False
Is 52301720 a multiple of 3?
False
Does 150 divide 479561700?
True
Does 149 divide 2830351724?
False
Does 6 divide 3268062?
True
Is 13 a factor of 32007634?
False
Does 281 divide 24762882?
False
Is 36 a factor of 23266175?
False
Is 429959667 a multiple of 438?
False
Is 276065776 a multiple of 56?
True
Is 10176848 a multiple of 176?
True
Is 10353387 a multiple of 30?
False
Does 11 divide 429342282?
False
Is 12323340 a multiple of 810?
True
Is 41 a factor of 3221116?
False
Is 74182604 a multiple of 638?
False
Does 100 divide 13913166?
False
Is 686 a factor of 45022468?
False
Is 99566603 a multiple of 127?
True
Does 2975 divide 39280301?
False
Is 3925936144 a multiple of 419?
True
Is 31519924 a multiple of 144?
False
Does 4 divide 8311918?
False
Is 10 a factor of 89915496?
False
Is 138 a factor of 302406714?
True
Does 78 divide 70901064?
True
Is 1121 a factor of 286054467?
False
Is 8 a factor of 2906938394?
False
Is 53589426 a multiple of 66?
True
Is 279 a factor of 198721656?
True
Is 67388679 a multiple of 9?
True
Is 31929736 a multiple of 8?
True
Is 145 a factor of 11536780?
True
Is 44218936 a multiple of 26?
False
Is 11 a factor of 48820014?
False
Is 94 a factor of 4500695?
False
Does 70 divide 1892377690?
True
Is 93 a factor of 2148801122?
False
Is 41572020 a multiple of 42?
True
Is 21516454 a multiple of 34?
False
Does 1233 divide 9265275?
False
Does 1848 divide 74527895?
False
Is 25 a factor of 186743075?
True
Is 2802 a factor of 257042320?
False
Is 25 a factor of 3397481208?
False
Does 2759 divide 43324577?
True
Is 96121048 a multiple of 156?
False
Is 10 a factor of 42084810?
True
Is 3386832 a multiple of 6?
True
Is 1388675136 a multiple of 2963?
True
Does 5851 divide 48504790?
True
Does 95 divide 449750235?
True
Is 38753070 a multiple of 9?
False
Is 27644540 a multiple of 7?
True
Is 65 a factor of 12575682?
False
Is 324 a factor of 308832511?
False
Is 410905021 a multiple of 527?
False
Is 90444351 a multiple of 227?
False
Does 24 divide 198647112?
True
Is 35653482 a multiple of 61?
False
Is 421 a factor of 35549108?
False
Is 37 a factor of 99428620?
True
Is 1253942450 a multiple of 4750?
False
Is 19117888 a multiple of 664?
True
Is 178 a factor of 98070469?
False
Is 9823871 a multiple of 12?
False
Does 90 divide 16530269?
False
Is 30 a factor of 34650810?
True
Is 221025423 a multiple of 23?
True
Is 21 a factor of 277819171?
False
Is 190499347 a multiple of 37?
True
Is 30859290 a multiple of 1533?
True
Is 141217768 a multiple of 134?
False
Is 3147658105 a multiple of 82?
False
Does 60 divide 1106347260?
True
Is 5 a factor of 41538845?
True
Is 171 a factor of 507461481?
True
Is 465773918 a multiple of 33?
False
Is 28 a factor of 84193844?
True
Does 150 divide 3481705200?
True
Is 2666301188 a multiple of 7559?
True
Is 63 a factor of 1419708150?
True
Is 110753280 a multiple of 2090?
True
Is 15029971 a multiple of 90?
False
Is 10 a factor of 137518690?
True
Is 39 a factor of 17226729?
True
Is 147 a factor of 729472217?
False
Is 31 a factor of 3000836177?
True
Is 5174 a factor of 62346700?
True
Is 29475241 a multiple of 11?
False
Does 78 divide 149858087?
False
Is 5795 a factor of 753794613?
False
Is 454896150 a multiple of 150?
True
Does 88 divide 48261675?
False
Is 16 a factor of 19135280?
True
Is 72818789 a multiple of 77?
False
Does 4 divide 6680834?
False
Is 98213040 a multiple of 540?
True
Does 2868 divide 1231878839?
False
Does 13 divide 13601263?
True
Is 4248356 a multiple of 7?
True
Is 36 a factor of 17432515?
False
Is 1483 a factor of 3017958814?
False
Is 91 a factor of 726993391?
False
Is 1103112704 a multiple of 6253?
False
Does 203 divide 3250402134?
False
Is 76539834 a multiple of 42?
True
Does 3599 divide 197603095?
True
Is 95239762 a multiple of 29?
False
Is 15 a factor of 10498650?
True
Is 33197812 a multiple of 861?
False
Does 209 divide 29940540?
False
Does 15 divide 853149675?
True
Does 716 divide 12406467?
False
Does 3 divide 88807543?
False
Does 1036 divide 26555706?
False
Does 15 divide 81629220?
True
Is 110 a factor of 695274475?
False
Does 712 divide 161532864?
True
Is 45210096 a multiple of 253?
False
Does 558 divide 68081580?
True
Is 14891184 a multiple of 2618?
True
Is 126 a factor of 115727976?
True
Is 20 a factor of 14628260?
True
Is 1026629821 a multiple of 20?
False
Is 368679746 a multiple of 19?
False
Is 41033318 a multiple of 9600?
False
Is 183 a factor of 76461975?
True
Is 912789 a multiple of 531?
True
Does 18 divide 63206102?
False
Does 21 divide 119289345?
True
Is 19 a factor of 45683866?
True
Is 190730727 a multiple of 2133?
True
Is 8 a factor of 1320840?
True
Is 103350086 a multiple of 40?
False
Is 580199934 a multiple of 21?
False
Is 165 a factor of 771799380?
True
Is 2590525428 a multiple of 10?
False
Is 71 a factor of 153401664?
False
Does 5399 divide 260976862?
True
Does 1225 divide 199432450?
True
Is 187877576 a multiple of 719?
True
Is 26 a factor of 54962310?
True
Is 282558619 a multiple of 37?
False
Does 26 divide 3055559153?
False
Does 2 divide 89845195?
False
Is 72 a factor of 67356118?
False
Does 3 divide 56367600?
True
Is 1661454700 a multiple of 5068?
False
Is 11 a factor of 36070236?
False
Is 123 a factor of 236068243?
False
Does 435 divide 521167458?
False
Does 1043 divide 8854083?
False
Does 30 divide 1193422783?
False
Is 4907 a factor of 32428042?
False
Is 229723437 a multiple of 108?
False
Does 34 divide 42137492?
True
Is 110028240 a multiple of 2280?
True
Is 215282966 a multiple of 30?
False
Does 514 divide 32882122?
True
Is 24 a factor of 3259133136?
True
Is 36387987 a multiple of 308?
False
Is 13 a factor of 10580582?
False
Is 8 a factor of 59334176?
True
Is 12548455 a multiple of 841?
False
Is 388671864 a multiple of 12?
True
Is 113 a factor of 194325987?
True
Is 196 a factor of 880990530?
False
Does 12 divide 209043504?
True
Does 2 divide 89854862?
True
Is 135887325 a multiple of 749?
True
Does 2528 divide 49080693?
False
Does 30 divide 11238270?
True
Is 63 a factor of 85904885?
False
Is 437494868 a multiple of 5198?
True
Does 1462 divide 39541352?
False
Is 484139988 a multiple of 38?
True
Is 319286818 a multiple of 314?
True
Is 1491 a factor of 487055141?
False
Is 95 a factor of 67761600?
True
Is 54 a factor of 509408390?
False
Does 565 divide 875316080?
True
Is 28985974 a multiple of 13?
False
Is 10 a factor of 529920167?
False
Does 13 divide 19102095?
False
Is 3070980 a multiple of 495?
True
Is 842728550 a multiple of 253?
False
Is 221 a factor of 16870735?
False
Is 6 a factor of 3249694?
False
Is 418334026 a multiple of 242?
True
Is 6893480 a multiple of 12?
False
Does 268 divide 1646693027?
False
Is 2306 a factor of 498220790?
False
Is 22 a factor of 63391592?
True
Is 9093564 a multiple of 11?
False
Does 227 divide 96427226?
False
Does 1105 divide 40350180?
True
Does 139 divide 395953047?
False
Is 660847391 a multiple of 161?
False
Is 82931456 a multiple of 32?
True
Is 5390218537 a multiple of 11?
True
Does 85 divide 114663725?
True
Is 2603492772 a multiple of 5574?
True
Does 14 divide 25927810?
False
Does 312 divide 82056646?
False
Does 481 divide 527634622?
False
Is 960582 a multiple of 21?
True
Does 61 divide 38186724?
False
Is 719102758 a multiple of 186?
False
Is 1085291844 a multiple of 12?
True
Is 1267 a factor of 8919975?
False
Does 1109 divide 37626624?
False
Is 20 a factor of 17391535?
False
Does 306 divide 646025?
False
Is 80513214 a multiple of 738?
False
Is 2839 a factor of 52984257?
True
Is 12022799 a multiple of 83?
True
Does 26 divide 60246576?
True
Is 1685299301 a multiple of 58?
False
Is 2862052009 a multiple of 627?
False
Is 18 a factor of 197748?
True
Does 78 divide 91729560?
True
Does 26 divide 598902312?
False
Is 136136000 a multiple of 16?
True
Is 194062232 a multiple of 28?
True
Does 30 divide 48350580?
True
Does 57 divide 13244064?
True
Is 730380 a multiple of 20?
True
Is 59392134 a multiple of 118?
False
Is 2493 a fac